ase 10
-7
What is 28 (base 9) in base 11?
24
Convert 1 (base 14) to base 13.
1
Convert 6e (base 16) to base 14.
7c
What is 0 (base 3) in base 16?
0
-5 (base 12) to base 7
-5
-38 (base 10) to base 6
-102
Convert -6 (base 15) to base 3.
-20
What is 2c (base 14) in base 6?
104
10111 (base 3) to base 14
6a
Convert 65 (base 13) to base 3.
10002
Convert -34 (base 7) to base 16.
-19
What is -2 (base 7) in base 2?
-10
-5 (base 16) to base 14
-5
-9b (base 14) to base 3
-12002
-1 (base 4) to base 9
-1
-44 (base 15) to base 3
-2101
Convert -2001 (base 3) to base 14.
-3d
What is -b (base 14) in base 5?
-21
Convert -f (base 16) to base 5.
-30
What is -2 (base 15) in base 16?
-2
11 (base 2) to base 5
3
What is -4 (base 14) in base 7?
-4
1243 (base 6) to base 2
100111011
What is 0 (base 5) in base 11?
0
Convert -8 (base 14) to base 11.
-8
Convert -21 (base 10) to base 7.
-30
What is 30 (base 5) in base 6?
23
Convert 41 (base 9) to base 8.
45
Convert 1000100 (base 2) to base 10.
68
What is -1a (base 13) in base 6?
-35
Convert -1003 (base 4) to base 15.
-47
Convert -3 (base 16) to base 2.
-11
Convert -145 (base 6) to base 2.
-1000001
What is 0 (base 10) in base 3?
0
What is 4 (base 12) in base 11?
4
What is 9 (base 14) in base 3?
100
-1001 (base 2) to base 4
-21
-1111 (base 3) to base 6
-104
2 (base 14) to base 9
2
Convert -4 (base 16) to base 5.
-4
-15 (base 14) to base 5
-34
What is 2 (base 9) in base 3?
2
Convert 1f (base 16) to base 9.
34
-52 (base 16) to base 12
-6a
Convert -10001011 (base 2) to base 7.
-256
-3 (base 6) to base 3
-10
Convert 1203 (base 5) to base 4.
2302
-11 (base 4) to base 2
-101
Convert -28 (base 12) to base 3.
-1012
-1 (base 7) to base 13
-1
Convert -11 (base 5) to base 12.
-6
What is 4 (base 9) in base 7?
4
What is -1010 (base 2) in base 5?
-20
Convert -2 (base 9) to base 16.
-2
Convert 6a (base 11) to base 7.
136
Convert -11b (base 14) to base 16.
-dd
1 (base 8) to base 15
1
32 (base 14) to base 7
62
What is 66 (base 8) in base 11?
4a
-3 (base 7) to base 4
-3
What is -612 (base 7) in base 6?
-1223
-a8 (base 13) to base 3
-12010
0 (base 2) to base 4
0
133 (base 9) to base 10
111
Convert -16e (base 15) to base 3.
-110012
Convert 115 (base 6) to base 9.
52
-256 (base 10) to base 15
-121
-10101 (base 2) to base 15
-16
-b (base 15) to base 11
-10
Convert -62 (base 13) to base 6.
-212
What is 10 (base 3) in base 2?
11
2 (base 10) to base 6
2
-52 (base 11) to base 16
-39
Convert 82 (base 9) to base 2.
1001010
What is -1 (base 7) in base 9?
-1
-3 (base 9) to base 15
-3
-1 (base 14) to base 8
-1
What is 10 (base 12) in base 2?
1100
-3 (base 4) to base 5
-3
What is -338 (base 10) in base 15?
-178
Convert 0 (base 6) to base 4.
0
What is 22 (base 3) in base 15?
8
What is -5 (base 7) in base 5?
-10
Convert 1100 (base 2) to base 13.
c
Convert -3 (base 12) to base 5.
-3
Convert 13 (base 4) to base 15.
7
Convert 211 (base 3) to base 4.
112
What is 7 (base 9) in base 2?
111
What is 133 (base 5) in base 7?
61
Convert -100 (base 2) to base 3.
-11
Convert -7 (base 9) to base 6.
-11
What is -443 (base 6) in base 5?
-1141
What is 8 (base 16) in base 4?
20
Convert -341 (base 6) to base 11.
-111
What is -1 (base 14) in base 10?
-1
10 (base 2) to base 11
2
Convert -140 (base 6) to base 13.
-48
What is -35 (base 7) in base 10?
-26
What is -100 (base 4) in base 10?
-16
1 (base 15) to base 2
1
3b (base 12) to base 6
115
What is 1 (base 11) in base 12?
1
What is -38 (base 9) in base 7?
-50
1110 (base 3) to base 13
30
What is 2 (base 13) in base 15?
2
What is -3 (base 12) in base 11?
-3
What is -3 (base 7) in base 6?
-3
2 (base 10) to base 15
2
1 (base 13) to base 10
1
Convert 3 (base 13) to base 7.
3
-15 (base 8) to base 12
-11
What is 3 (base 5) in base 2?
11
Convert 9 (base 13) to base 9.
10
What is 2 (base 9) in base 15?
2
What is 53 (base 6) in base 7?
45
4 (base 9) to base 12
4
What is 3 (base 4) in base 14?
3
Convert 32 (base 7) to base 9.
25
What is -40 (base 13) in base 12?
-44
Convert -45 (base 12) to base 2.
-110101
What is -4 (base 7) in base 15?
-4
57 (base 11) to base 8
76
What is 5 (base 12) in base 16?
5
Convert 0 (base 3) to base 15.
0
153 (base 13) to base 4
3231
Convert -4 (base 13) to base 11.
-4
What is 7 (base 8) in base 4?
13
What is 1 (base 15) in base 13?
1
Convert -134 (base 5) to base 10.
-44
Convert 8 (base 10) to base 13.
8
Convert 2344 (base 5) to base 13.
20b
What is -1002 (base 3) in base 16?
-1d
Convert 0 (base 8) to base 10.
0
-10 (base 7) to base 6
-11
What is 1c (base 15) in base 5?
102
19 (base 12) to base 10
21
What is -6b (base 15) in base 16?
-65
Convert -3 (base 12) to base 11.
-3
Convert -223 (base 6) to base 2.
-1010111
20 (base 6) to base 5
22
2c (base 15) to base 4
222
Convert -11020 (base 3) to base 11.
-a4
What is -201 (base 3) in base 14?
-15
Convert -1 (base 7) to base 2.
-1
Convert -19 (base 10) to base 14.
-15
What is 7 (base 9) in base 4?
13
27 (base 14) to base 16
23
1511 (base 6) to base 13
250
Convert 1 (base 2) to base 4.
1
-22 (base 5) to base 11
-11
What is -30 (base 11) in base 2?
-100001
What is -21 (base 9) in base 11?
-18
Convert -15 (base 14) to base 4.
-103
-8a (base 13) to base 3
-11020
Convert 2 (base 13) to base 2.
10
12210 (base 3) to base 4
2130
Convert 102 (base 4) to base 9.
20
What is b (base 16) in base 15?
b
424 (base 8) to base 11
231
21 (base 12) to base 10
25
Convert -22 (base 10) to base 4.
-112
6 (base 14) to base 9
6
What is 314 (base 5) in base 9?
103
Convert -1 (base 14) to base 4.
-1
What is 3 (base 9) in base 10?
3
What is -44 (base 7) in base 4?
-200
Convert 1a (base 13) to base 14.
19
18 (base 11) to base 16
13
41 (base 6) to base 2
11001
What is 435 (base 8) in base 9?
346
-2 (base 8) to base 14
-2
What is -54 (base 9) in base 3?
-1211
Convert -7 (base 14) to base 11.
-7
What is -2 (base 14) in base 16?
-2
Convert -23 (base 6) to base 8.
-17
-48 (base 11) to base 16
-34
Convert -2 (base 7) to base 4.
-2
-19 (base 11) to base 12
-18
Convert -166 (base 11) to base 8.
-301
Convert -9 (base 13) to base 5.
-14
52 (base 11) to base 13
45
Convert 13 (base 6) to base 16.
9
Convert -49 (base 12) to base 13.
-45
What is -8 (base 14) in base 11?
-8
Convert -4 (base 5) to base 12.
-4
What is 30 (base 8) in base 7?
33
-1011011 (base 2) to base 7
-160
Convert -1 (base 15) to base 10.
-1
What is 2 (base 9) in base 3?
2
What is -4 (base 15) in base 4?
-10
0 (base 7) to base 14
0
What is -b (base 12) in base 14?
-b
-144 (base 5) to base 10
-49
What is -1430 (base 5) in base 16?
-f0
Convert 1322 (base 4) to base 12.
a2
What is -13 (base 10) in base 11?
-12
What is 10 (base 6) in base 8?
6
3b (base 14) to base 10
53
-340 (base 10) to base 8
-524
What is -2 (base 3) in base 6?
-2
-10122 (base 3) to base 7
-200
What is 111 (base 2) in base 13?
7
Convert 4a (base 12) to base 4.
322
What is -125 (base 9) in base 8?
-150
What is 422 (base 7) in base 16?
d4
Convert -2 (base 13) to base 15.
-2
What is -65 (base 7) in base 2?
-101111
Convert 72 (base 14) to base 9.
121
Convert -100 (base 3) to base 14.
-9
What is -1334 (base 5) in base 12?
-163
Convert 149 (base 13) to base 3.
22112
Convert -115 (base 7) to base 16.
-3d
Convert -22 (base 10) to base 3.
-211
What is 104 (base 5) in base 10?
29
-33 (base 5) to base 11
-17
What is 3 (base 8) in base 13?
3
-52 (base 7) to base 9
-41
Convert 3 (base 8) to base 3.
10
101 (base 9) to base 16
52
Convert 1 (base 11) to base 4.
1
What is 1111 (base 4) in base 2?
1010101
1100 (base 5) to base 15
a0
Convert 2 (base 6) to base 4.
2
-19 (base 13) to base 5
-42
-22 (base 8) to base 9
-20
Convert 11 (base 13) to base 8.
16
5 (base 9) to base 11
5
What is 1 (base 4) in base 10?
1
Convert -30 (base 15) to base 13.
-36
What is 6 (base 7) in base 6?
10
What is -60 (base 11) in base 15?
-46
What is 1 (base 12) in base 14?
1
-606 (base 7) to base 12
-210
What is -1 (base 14) in base 4?
-1
What is 41 (base 13) in base 6?
125
-223 (base 5) to base 12
-53
What is 8 (base 9) in base 12?
8
Convert 44 (base 15) to base 10.
64
Convert 10 (base 14) to base 8.
16
Convert -6 (base 15) to base 4.
-12
What is -4 (base 7) in base 3?
-11
What is -4c (base 16) in base 5?
-301
What is -7 (base 14) in base 16?
-7
Convert 59 (base 13) to base 10.
74
Convert 1322 (base 5) to base 11.
183
